+ (-8 - 7) + 0 + -4 + 1.
-13
Evaluate (-10 - (-5 - 32)) + -9.
18
Evaluate (0 - 20) + -119 + 141.
2
What is the value of (0 - 12) + 7 - (-1 + 2)?
-6
Evaluate 8 + (9 - 11) + 0 + -10.
-4
Calculate (-9 - 10) + (-1 - -9) + -2.
-13
2 - (0 + 12 + 10 + 1 + -4)
-17
(0 + -2 - -2 - (1 - 0)) + -2
-3
What is the value of 8 + 0 - (-17 + 2 + -6 + 19)?
10
What is the value of 82 + -90 - (-1 - 19) - -12?
24
What is the value of -61 + 54 - (4 - -8) - (3 + -7)?
-15
What is (-2 - (7 - -1)) + 5 - -13?
8
43 + -49 - (16 - 32)
10
Calculate -1 + 3 + (39 - -17) + -93.
-35
45 - ((30 - 21) + 3)
33
17 + (7 - 24) - (5 - -2)
-7
What is the value of 8 + (-4 - -7) + -10 - 20?
-19
What is 7 + 3 + (25 - 16) + -7?
12
-1 + 2 + -3 - (19 + -24 - -3)
0
What is -2 + -32 + 16 + 29?
11
Evaluate -5 + (15 - (6 - 7)).
11
What is the value of 7 + (-11 - ((-30 - -12) + 3))?
11
What is -2 + (-1 - 0) - (-27 - (27 + -39))?
12
Evaluate -5 + 6 + -6 + -4 + 1 + 14.
6
Evaluate 3 + ((-10 - 7) + 12 - 5).
-7
Evaluate -3 + -12 + -8 + 25 + -5.
-3
Evaluate -3 - (20 - (25 - 12)).
-10
(1 - 4) + (15 - 19) + 15
8
What is -2 - ((1 - -1 - 35) + (2 - -3))?
26
Evaluate 14 + 0 + -8 + -11 - (-1 - 8).
4
What is the value of (5 - 2) + (7 - ((-3 - -14) + 1))?
-2
Calculate 21 - (4 + 29 + 8).
-20
(-261 - -267) + -2 + 10
14
Calculate (-7 + 16 + -6 - 16) + 41.
28
-11 - ((-3 - -14) + -7) - -43
28
Calculate (15 - 7 - 22) + (16 - 4).
-2
Calculate -1 - ((7 - 4) + -6 - 2).
4
Evaluate -2 + 3 - (-8 + -1 - (4 - 10)).
4
Evaluate 5 + 29 + (9 - 20).
23
Evaluate 2 + -11 - (31 - 39).
-1
What is 250 + -258 - (0 - 11) - 27?
-24
What is -2 - (11 + -10 - 1)?
-2
-38 + 0 + 748 + -733
-23
Evaluate -36 + 6 - -34 - (0 + -10).
14
What is 14 + -11 - (15 + 15 + -12)?
-15
What is 1 + -3 + -8 + (-14 - -31)?
7
Calculate -4 - ((11 - 14) + 7 + -11).
3
3 + -10 + (2 - -16) - (-1 - -4)
8
Calculate 57 - 76 - (2 + (-2 - 8)).
-11
Calculate (10 - 17) + (-9 - -6).
-10
What is the value of 30 - ((4 - 4) + 6 + 3)?
21
Evaluate 33 + 41 + -34 + -20.
20
What is 16 - (13 + (-7 - (7 - (4 - -3))))?
10
Calculate -17 + (4 - -3) + (1 - 0).
-9
What is the value of -1 - ((-15 - (16 + -15)) + 36)?
-21
447 - 443 - (14 - (-1 + -5 + 3))
-13
Evaluate -14 - (-12 - -6 - 25).
17
11 - -25 - 54 - (-23 + -3)
8
Calculate -31 - -2 - (409 + -423).
-15
Calculate (6 - 12) + (4 + 4 - 12).
-10
-10 - ((-1 - 18) + -101 + 105)
5
Calculate 1 + (-2 - 3) + (0 - 3) + 1.
-6
Evaluate -26 + (-10 - -21) - -11.
-4
-9 + (3 - -4) + -25 + 14
-13
Calculate -5 + 3 + 55 + -48.
5
What is the value of 13 + -18 - (-10 - ((1 - -1) + -5))?
2
Evaluate -2 + (8 + 3 - 28) + -1.
-20
Calculate 9 + 1 + (-7 - -6) + -24.
-15
(0 - 4) + -1099 + 1104
1
-183 - -196 - (12 - -1)
0
Calculate 5 + 5 + -7 + (1 - 2) + -3.
-1
11 - (-8 + 17) - -4
6
What is 23 + -21 + (-12 - -7)?
-3
What is -6 - (-7 + -15 - -11 - -24)?
-19
Calculate 6 + 7 + -25 + 4 + -11.
-19
(7 - 10) + 0 + (9 - 4)
2
Calculate -6 + (0 - -2) + (-1 - -22 - -10).
27
What is -4 - (11 + -27 - -15)?
-3
Calculate -1 - (-16 + 15 + 0).
0
What is 311 + -275 - (-1 - -25)?
12
(7 - 29) + 14 + 34
26
What is -2 - -1 - (-37 + -1 + 25)?
12
Evaluate -2 - (20 + 3 + -2 + (13 - 19)).
-17
Calculate (119 - 118) + (-1 - -9) - 17.
-8
-1 + -4 - ((-43 - -47) + -11)
2
What is the value of 9 - (-4 + -9 - (-33 - 4))?
-15
What is -7 - (9 + (-33 - -6) - 6)?
17
Evaluate -554 + 582 - (1 - -6).
21
Evaluate (20 + -9 - 15) + 0.
-4
Evaluate -11 - (5 + -10 + -4 + 4).
-6
Calculate 3 - (-14 + 1 - -12).
4
Calculate (19 - -1) + 13 + 14 + -34.
13
What is the value of 1 - (3 - (2 + -1) - (-6 + 12))?
5
What is (-135 - -124 - (-2 + -11)) + -2 + -2?
-2
4 + (21 - (-7 - -16 - 0))
16
What is the value of -22 - (-1 + -40 + 52)?
-33
Calculate (-16 - -34) + -7 - (-8 + 1).
18
Evaluate (10 - (24 - -1)) + (4 - -1).
-10
-23 + 39 - 20 - (11 - 0)
-15
16 + -21 - -4 - (0 + 0 + 0)
-1
(-5 - -1) + 44 + -23
17
What is 2 + 5 - 13 - (3 + -7)?
-2
What is the value of -17 + (15 - 1) - -7?
4
Evaluate 20 - (9 + -6 - 9 - -8).
18
Calculate 10 + (-33 - -14 - -7 - 13).
-15
3 - (134 + -145 - (-2 + 3))
15
(661 - 703) + 23 + 1
-18
What is the value of -5 + (10 - 14) + 5?
-4
(-13 + 1 - (2 - 31)) + -46
-29
-12 + -2 + (0 - 0) + -2
-16
(-4 - -14) + 14 + -13
11
Evaluate (3 - (7 + 19)) + (-10 - -20).
-13
What is the value of -222 - -231 - (-1 + -6)?
16
Evaluate -14 + 56 + -33 + -16 + -1 + 5.
-3
(-10 - (6 + -9 + 0)) + (-5 - -1)
-11
What is -12 + 1 - (-184 - -180)?
-7
Calculate 33 + -2 + (-27 - (-28 - -12)).
20
(-2 + 5 + -6 + 4 - -14) + -3
12
-18 + (13 - 2) + (-1 - (-2 + 6))
-12
Evaluate -10 - (-3 + 0 + -1).
-6
What is the value of 13 + (-12 - (-13 - -10 - 20))?
24
Evaluate -3 + (-9 - (3 + -9 + 3)).
-9
Evaluate -3 - 3 - (9 + (15 - 37)).
7
What is 23 - (-3 - (1 + 2) - -16)?
13
-26 + (36 - (-21 + 21))
10
What is the value of (-26 - -22) + -27 - -23?
-8
What is the value of -7 + (10 + -24 - -12)?
-9
What is (9 - (2 - (5 - 35))) + -1?
-24
Evaluate -6 - ((26 - 1) + 2 + (13 - 19)).
-27
What is the value of -6 - (-14 - (2 + -7))?
3
Evaluate 8 + 11 + 3 + 10.
32
Evaluate 5 + 0 + 2 + (-12 + 5 - -7).
7
What is 16 + -12 + (1 - 5) - -4 - -7?
11
(-49 + 26 - (3 - -1)) + 10
-17
What is the value of (-30 - (-1 + -15) - (2 + 0)) + 0?
-16
What is the value of -3 + -6 + (30 - (2 - 0)) + 4?
23
(-13 - ((2 - 16) + -1)) + 16
18
What is (12 + -3 - 8 - -7) + -4?
4
What is the value of 7 + -1 + 7 - 15?
-2
What is -12 + (73 - 63) + (-1 - 4)?
-7
Evaluate 14 + (-21 - (0 - 11)).
4
24 + -2 + 4 + -6
20
What is the value of -3 + (-13 - -7) + 9 - -16?
16
Calculate (5 - (0 + 2)) + 24 + (2 - 19).
10
What is -984 + 1017 + -40 + 1?
-6
Evaluate (17 - (21 + 2)) + (-3 - 2 - 2).
-13
What is -1 + (-18 - -40 - 10)?
11
Evaluate -2 + 10 + -7 + 6 + 6.
13
What is the value of -1 - -4 - (14 - (-10 - -28))?
7
What is -17 + -2 + (30 - 51 - -75)?
35
What is 1 + -2 - (2 + -4) - (-3 - -19)?
-15
Calculate -14 + (-26 + 50 - 18).
-8
What is 20 + -2 + -9 + -31 + 1?
-21
Evaluate 1 + -1 + (1 - 5) + 4 + -4.
-4
1 + -3 + 9 + 4
11
What is the value of 0 + 1 - (-7 + (-1 - -9) - -4)?
-4
-1046 + 1040 - (0 - 0 - -16)
-22
-18 + (-13 - -41) + -7
3
-16 + 1 + (57 - (-18 + 61))
-1
Calculate 32 + -20 - (6 + 3 + -7).
10
What is the value of 215 + -194 + -3 + -5?
13
Calculate -2 + 1 - (-3 + 1 + -3).
4
12 - (-19 + 19 - -3)
9
Calculate (-27 - 0) + 0 + -87 + (119 - 37).
-32
Evaluate 23 - (33 - -2) - 8.
-20
Calculate 8 + 0 - (10 + 16 - (-8 - -23)).
-3
Evaluate -1 + -3 - (-18 + (12 - 1)).
3
Calculate (-18 + 6 - -5) + -7 - -13.
-1
Calculate 26 - (-17 - -6 - (1 - (7 - 4))).
35
What is -185 - -179 - (-3 + 9 + 2)?
-14
Evaluate -6 - (-5 - (-9 - -20)) - -7.
17
What is (18 - 18 - 4) + 1 + -3?
-6
Calculate (18 + -8 - (2 - -9)) + 6.
5
Evaluate -24 + 22 - -25 - (-10 + 3).
30
-6 + 40 - 40 - 18
-24
Calculate -15 + 3 + 23 + (-14 - 1).
-4
What is -11 + (9 - 14) - -6 - -31?
21
Evaluate -1 + 25 - (-12 - 25 - -46).
15
Calculate (3 - (0 - -1)) + (-10 - (0 - -1)).
-9
What is -47 + 60 - (38 + 1) - -12?
-14
Evaluate -16 + 20 + 35 + -18.
21
What is the value of 8 + 3 + (-3 + -15 - -1)?
-6
What is 1 - -2 - ((-5 - (-23 - -10)) + -16)?
11
Calculate -3 + 2 + (-4 - ((13 - 5) + -4)).
-9
What is the value of 10 - ((-8 - -9) + 5) - 3?
1
What is 20 - 20 - (-6 - -7 - 18)?
17
What is 5 + -8 + 0 + 9?
6
Evaluate (2 + -29 - -9) + -2 + -8.
-28
Evaluate (-2 - 4) + -21 + 40 + -31.
-18
What is 13 - (22 + -11 + -1)?
3
Evaluate 1 - 9 - ((3 - 0) + 5 + -7).
-9
(-32 - (-77 - -42)) + (1 + -2 - 3)
-1
(-2 - -21 - 28) + 1 + -1 + -9
-18
Calculate (49 - 58) + 30 + -12.
9
61 - (52 + (-50 - -34))
25
What is 10 + (-4 - 7) - -7?
6
Evaluate -6 + 6 + (-9 + 1 - -10).
2
-93 + 128 - (2 + (-3 - -1 - -6))
29
What is (11 - 13 - -32) + -19?
11
What is the value of (1 - (0 - 1)) + 3 + -6 + 2?
1
What is the value of (-2 + 24 - 14) + (-1 - -6) + 0?
13
What is the value of 6 + (16 - 29) - 5?
-12
11 + -4 + 5 + -12 + 1
1
What is -11 - (-7 - (24 + -18))?
2
What is (-5 - 5) + 24 - 26?
-12
Evaluate 19 - 1 - (39 - 5).
-16
Evaluate (-3 - -2) + -1 + -11 + 4.
-9
Evaluate 7 - (63 + -72 + (10 - (2 + 0))).
8
(-14 + -18 - -12) + 13
-7
What is 2135 - 2169 - (-1 + -13)?
-20
Calculate 25 - (2 - 5) - 25.
3
What is the value of (-2 - 2) + -1 + (29 - 18 - 17)?
-11
What is -11 + 8 + (-69 - -46)?
-26
Calculate -8 + (-11 - (3 - 17)) - -11.
6
What is -4 - (-5 + 8 + (8 - (4 - -36)))?
25
What is (-19 - -4) + 47 + -43?
-